y(x) = 3*x**2 + 4 + 5*x + 0*x**2 - 4*x**2. Give y(o).
4
Let a(n) be the third derivative of n**7/2520 - n**6/144 + n**5/30 + 7*n**4/24 - n**2 - 1. Let q(l) be the second derivative of a(l). What is q(3)?
-2
Let y(g) = -4*g**3 + 8*g**2 - g - 4. Let s(r) = 7*r**3 - 15*r**2 + 3*r + 7. Let c(a) = -15*a - 10. Let h be c(-1). Let i(o) = h*y(o) + 3*s(o). What is i(4)?
1
Let w(a) = -a**3 - 2*a**2 + 4*a + 3. Suppose 13*z = 18*z. Let b(g) = 1 + 2*g - 3 - 3*g. Let q be b(z). Determine w(q).
-5
Suppose -5*j + 13*j = -8. Let z(o) = o**2 - o + 1. Let n(x) = -13*x**3 + 3*x**2 - x + 2. Let g(q) = n(q) - 2*z(q). Calculate g(j).
13
Let q(k) be the third derivative of -7*k**4/24 - 19*k**3/6 - 2*k**2 + 214. What is q(-3)?
2
Let j(o) = -o + 13. Let d(u) = -3*u + 21. Let m(z) = 2*d(z) - 5*j(z). Determine m(-18).
-5
Let l(f) = 5*f**3 + 3*f**2 + 3*f + 6. Let x(u) be the third derivative of u**6/120 - u**5/60 - u**4/24 + u**3/6 + 17*u**2. Let g(t) = l(t) - 6*x(t). Give g(10).
-10
Let b(n) be the first derivative of n**3/3 + n**2/2 - 1081. Let x(u) = u**2 + 4*u + 2. Let p be x(-2). What is b(p)?
2
Let q(z) = -z**3 + 5*z**2. Let m = 3 + -3. Suppose m = -4*j - 2*j + 18. What is q(j)?
18
Let s = -8 - -11. Suppose s*h + 5*d = -22, -5*h - 12 - 3 = 4*d. Let t(m) = m. Determine t(h).
1
Suppose 0 = -7*o + 294 - 84. Suppose -5*n + o = -5*l, 3*l + n + 3*n + 4 = 0. Let h(y) = -3*y + 2. Calculate h(l).
14
Let j(p) = -5*p**2 + 2*p + 1. Let u(b) be the first derivative of -b - b**2 - 11 + 5*b + 9 + 9*b. Let q be u(7). Calculate j(q).
-6
Let d(j) = -11*j + 42. Let y(w) = 10*w - 37. Let u(x) = 6*d(x) + 7*y(x). Calculate u(3).
5
Let c(j) = 5*j**2 - j. Let h(r) = -8*r - 39. Let k be h(-5). What is c(k)?
4
Let u(i) be the second derivative of 9*i**5/20 + i**4/6 - i**2/2 - 43*i - 2. Determine u(-1).
-8
Let j = -3 + 11. Let w(o) = 5*o + 2 - 24*o**2 + 3*o + 31*o**2 - o**3. Calculate w(j).
2
Suppose -5*i + 1 + 19 = -2*o, -3*i + 10 = -o. Let r(k) = 2*k - 3. Give r(o).
-23
Let z(i) = -6*i**3 - 1. Let r be (-2)/(-1) + (-5 - 34). Let l = -55 - r. Let a = l + 19. What is z(a)?
-7
Let d(j) = 2*j - 1. Suppose 3*r = 5*m + 2, 3*m + 3 + 2 = -2*r. Let g be (-20)/(-2)*4/(-8)*r. Determine d(g).
9
Suppose -83 + 27 = 7*h. Let d(u) = -3*u**2 + 9*u - 9. Let i(w) = -2*w**2 + 6*w - 6. Let l(m) = h*i(m) + 5*d(m). What is l(3)?
3
Suppose -3*f + 2 = -16. Let x(a) be the first derivative of -a**2/2 + 8*a + 55. Calculate x(f).
2
Let i be (-22 + 25)*(-1)/(-3). Let m(w) = -7*w**3 + 2*w**2 - 2*w + 1. What is m(i)?
-6
Suppose -5*g - 6 = -4*k, 4*g = 3*k - 0*g - 4. Suppose 0 = 5*w - 4*r - 5, -2*r - r + 4 = k*w. Let q(d) = 0*d + 2*d**3 + 3*d**2 - w + 2*d + d**2. What is q(-2)?
-5
Let u(d) = 10*d**3 - 6*d**2 - 4*d - 3. Let x(h) = -7*h**3 + 5*h**2 + 4*h + 3. Let y(t) = 2*u(t) + 3*x(t). What is y(4)?
3
Let w(n) be the third derivative of 21*n**2 - 4/3*n**3 + 0*n - 1/6*n**4 + 0. Give w(-6).
16
Let q(m) be the second derivative of m**4/12 + 5*m**3/6 - 9*m**2/2 + 17*m + 19. Determine q(-6).
-3
Let o(n) be the second derivative of -n**3/6 + n**2/2 + 21*n. Suppose 0 = -4*i + 5*m + 27, -5*m - 18 = -0*i - i. Give o(i).
-2
Let t(n) be the second derivative of -n**7/2520 + n**6/120 - n**5/120 + n**4/12 + 8*n. Let f(a) be the third derivative of t(a). Give f(6).
-1
Let y(k) be the first derivative of -2*k**2 + 8*k - 4. Let p be 26/12 - (-4)/(-24). Suppose 5*s = -i - 12 - 2, 2*i - 4 = -p*s. Give y(i).
-16
Let i(m) = -4*m**3 - m**2 + 3*m**3 - 2*m**2 - 5*m**2 - 1 - 9*m. Calculate i(-6).
-19
Let i(q) = 20*q - 11. Let r(y) = -11*y + 6. Let p(u) = 6*i(u) + 11*r(u). Determine p(8).
-8
Let z(r) = -4 - r - 2 + 0 + 1. Suppose 47 = -4*m - h, 4*h = 2*m + 9 + 1. What is z(m)?
6
Let t(y) = 6*y - 27. Let k be t(4). Let p(s) = s**3 + 3*s**2 + s + 7. Give p(k).
4
Let s(c) = -c**2 + 4*c. Suppose -3*d = -5*t + 11, 2 - 10 = -2*t. Suppose -2*m + 3 = -d. Let g = m - -1. Give s(g).
0
Let q(j) be the second derivative of j**4/24 - j**3/2 - j**2 + 3*j. Let v(s) be the first derivative of q(s). Suppose 0 = -2*i + 10 - 2. What is v(i)?
1
Let h(w) = -w**3 - 4*w**2 + 3*w - 3. Let o = 122 + -127. Give h(o).
7
Let a(l) be the first derivative of -5 - 1/4*l**4 + 1/2*l**2 - l + 5/3*l**3. What is a(5)?
4
Let q(p) = p - 2. Let z(i) be the second derivative of i**3/6 + 11*i. Let v be z(3). What is q(v)?
1
Suppose -4*l - 3*v = -l - 15, -4*v = 5*l - 23. Let t = l - 5. Let y(q) = 3*q**2 + 2*q**3 + q - 21*q**3 + q**3 + 16*q**3 - 1 + 3*q**3. Give y(t).
1
Let f(z) = 7*z**2 + 2. Let b(t) = -4*t**2 - 1. Let p be 9 - 8/(3 - 1). Let w(a) = p*b(a) + 3*f(a). Let i be (3 + (-10)/4)*6. Determine w(i).
10
Suppose 97 = -4*t + 77. Let d(v) be the first derivative of v**4/4 + 2*v**3 + 5*v**2/2 + 3*v - 1. Let x be d(t). Let g(h) = -2*h**2 + 4*h. Give g(x).
-6
Let t(x) = -5*x**3 - 2*x**2 + 3*x + 2. Let h be 471/314*4/(-3). Determine t(h).
28
Let y(g) = g - 1. Let u(v) be the second derivative of -v**3/2 + v**2/2 + 35*v. Let b(p) = -u(p) - 4*y(p). Calculate b(9).
-6
Let v(f) = -5*f**3 + 4*f**2 - 6*f. Let m(r) = -2*r**3 - r - 1. Let h(u) = -2*m(u) + v(u). Calculate h(5).
-43
Let s(q) = -6*q**2 + 6*q + 12. Let b(n) = -7*n**2 + 6*n + 14. Let f(l) = 5*b(l) - 6*s(l). Give f(9).
25
Let u(o) = o**3 + 7*o**2 - 3*o - 9. Let k be (-1)/(((-4)/28)/(-1)). Determine u(k).
12
Let j(q) = q**2 - 8*q - 4. Let x = -3 + -7. Let b = 7 + x. Let l be (-4 - -2 - b)*7. What is j(l)?
-11
Let q be (25/10)/(3/6). Suppose -q*c + 20 + 0 = 0, -o = -4*c + 8. Let a = 11 - o. Let z(p) = p - 4. Give z(a).
-1
Let p(z) = -10*z**2 + 2*z + 1. Suppose -x + 24 = 3*x. Let q be x*(1 + -3) - -3. Let i = q - -8. What is p(i)?
-11
Let x(b) = b**2 + 2*b + 3. Let o be ((-32)/(-24) + 0)/((-2)/3). What is x(o)?
3
Let l(f) = -19 + 9*f + 20 + 6*f. Give l(-1).
-14
Let i(o) = o**3 + o**2 + 3. Suppose t + 4 = -5*u, 2*u - t = t + 8. Calculate i(u).
3
Let y be (-1)/5 + (-32)/(-10). Let g(i) = -i - 7. Let z = 55 - 48. Let d(r) = -r - 6. Let b(l) = z*d(l) - 6*g(l). Determine b(y).
-3
Suppose d - 8 = -3*d. Let h(g) = 10*g**2 - 2*g**3 - g**3 + 7*g**2 - 13*g**2 - 3*g. Determine h(d).
-14
Let b(g) = 4*g + 23. Let q(l) = 11*l + 64. Let c(d) = 8*b(d) - 3*q(d). Suppose -j = -0*j. What is c(j)?
-8
Suppose 4*t - 18 = 5*n - 0*t, t = -3. Let g(c) = -c**2 + 8 - 5*c**3 - 4*c**2 + 4*c**3 + c - c**2. Give g(n).
2
Let b be ((-62)/(-341) - (-42)/11) + 8. Let j(q) = q**3 - 12*q**2 + 11. What is j(b)?
11
Suppose 0 = -4*x + 3*x - 5. Let f(i) be the second derivative of i**5/20 + i**4/3 - 2*i**3/3 - i**2/2 + 272*i - 2. Calculate f(x).
-6
Suppose -4*u - 20 = 0, -12 = -n + 4*u - 2*u. Suppose 0 = 13*v - 12*v - n. Let y(p) = p**3 - 2*p**2 - p - 1. What is y(v)?
-3
Suppose 99*v - 100*v = -7. Let j(k) = k + 7. Calculate j(v).
14
Let r(v) = -5*v + 1. Let h(y) = -y**2 + 5*y - 3. Suppose -4*j + 3*n = -23, 3*j - 16 = 4*n - 2*n. Let x be h(j). Calculate r(x).
-14
Let b(f) = -f**3 + 6*f**2 - 5*f - 2. Suppose -5*w - 63 = -q, -3*q - 3 = 3. Let o be -14 + (-6)/(-5)*20/(-6). Let g = w - o. What is b(g)?
-2
Let d = -23 + 33. Let a = 6 + d. Suppose -2*q - 2 = 5*t, 2 = -3*t - 5*q + a. Let g(w) = 6*w. Determine g(t).
-12
Let r(a) = -2*a**2 + 2*a - 3. Let q = 621 - 618. What is r(q)?
-15
Let n(l) be the third derivative of l**5/60 - l**4/24 - 5*l**3/6 + 184*l**2. Let q = -15 + 11. Calculate n(q).
15
Let q(n) = -n**3 - 5 - 4*n - 6*n**2 + 4 + 3*n**3 - 3*n**3. Let u = 9 + -14. Calculate q(u).
-6
Let b be (-6*(-3)/6)/1. Suppose b*h - 63 = -24. Suppose c = -16 + h. Let g(q) = -3*q - 4. Calculate g(c).
5
Let o(s) = s**3 + 7*s**2 + 4*s - 7. Let i be o(-6). Suppose h + h = 10, i*d - 55 = -2*h. Let k(c) = d + c + c + 1. What is k(-7)?
-4
Let v(i) be the third derivative of -i**5/60 + 5*i**4/24 - 150*i**2. Determine v(8).
-24
Let s(b) = 3*b**3 - 2*b**2 - b. Let k be s(-1). Let u(w) = 2*w + 9. Let q(t) = -10*t - 1 - 43 - 2 + 0*t. Let l(f) = 3*q(f) + 16*u(f). Calculate l(k).
-2
Let n = 41/42 + -10/21. Let m(v) be the second derivative of -3*v - 1/6*v**3 + 0 + 13/12*v**4 - n*v**2. Give m(-1).
13
Suppose -4*s = -0*z + 3*z + 27, -5*s + 5 = -4*z. Let x(c) = 1 + c**2 - 185*c + 93*c + 93*c. Calculate x(s).
7
Let d(m) = 10*m**3 - m**2 + m. Let n(i) = i**2 + 13*i - 13. Let s be n(-14). Give d(s).
10
Let a(s) be the third derivative of -11*s**4/24 + s**3/3 + 15*s**2. Let y(t) = 11*t - 1. Let m(j) = -2*a(j